{"id":2758,"date":"2024-10-17T00:31:37","date_gmt":"2024-10-16T22:31:37","guid":{"rendered":"https:\/\/infobestrdc.org\/?page_id=2758"},"modified":"2024-10-27T22:45:04","modified_gmt":"2024-10-27T21:45:04","slug":"initiative-strategique-combattre-les-inegalites-2","status":"publish","type":"page","link":"https:\/\/infobestrdc.org\/index.php\/initiative-strategique-combattre-les-inegalites-2\/","title":{"rendered":"initiative-strategique-combattre-les-inegalites-2"},"content":{"rendered":"<h2>Initiative strat\u00e9gique : combattre les in\u00e9galit\u00e9s<\/h2>\n<h2>2019-2025<br \/>\n<\/h2>\n<h2>Partenaire Financier : Agence Norv\u00e9gienne de Coop\u00e9ration (NORAD) \u00e0 travers Norwegian<br \/>\nChurch Aid (NCA).<\/h2>\n<h2>Les compagnies mini\u00e8res sont souvent responsables de graves violations des droits des<br \/>\ncommunaut\u00e9s y compris des peuples autochtones, notamment lors des processus de<br \/>\nconsultation, d\u00e9localisation, indemnisation et compensation des communaut\u00e9s appel\u00e9es \u00e0<br \/>\nse d\u00e9placer pour laisser \u00e0 la place \u00e0 l\u2019industrie mini\u00e8re. sans participation des femmes et des<br \/>\njeunes.<\/h2>\n<h2>Le BEST a mis en place, en partenariat avec Norwegian Church Aid (NCA), un projet<br \/>\nambitieux visant \u00e0 r\u00e9duire les in\u00e9galit\u00e9s et les conflits li\u00e9s \u00e0 l\u2019exploitation mini\u00e8re dans les<br \/>\nprovinces du Nord-Kivu et du Sud-Kivu. Ce projet vise \u00e0 donner aux communaut\u00e9s locales<br \/>\nles moyens de d\u00e9fendre leurs droits et de b\u00e9n\u00e9ficier \u00e9quitablement des richesses de leur<br \/>\nsous-sol.<\/h2>\n<h2>Le BEST a men\u00e9 une \u00e9tude pr\u00e9liminaire intitul\u00e9e \u00ab Comprendre la r\u00e9duction des<br \/>\nin\u00e9galit\u00e9s politiques, \u00e9conomiques, sociales et institutionnelles dans les zones<br \/>\nmini\u00e8res \u00bb. Cette \u00e9tude a explor\u00e9 diverses r\u00e9formes audacieuses, notamment celles<br \/>\ntouchant l&#039;\u00e9ducation, la technologie, la r\u00e9glementation, la participation des jeunes \u00e0 la<br \/>\ngestion des ressources naturelles, le renforcement du pouvoir des populations<br \/>\nlocales et la protection de l\u2019environnement.<\/h2>\n<h2>L&#039;\u00e9tude a mis en \u00e9vidence plusieurs \u00e9l\u00e9ments cl\u00e9s :<\/h2>\n<ul>\n<li>\n<h2><a target=\"_blank\" rel=\"nofollow noopener\"><\/a><\/h2>\n<p>La RD Congo, riche en ressources naturelles, notamment en diamants et en<br \/>\nor, contraste fortement avec la pauvret\u00e9 extr\u00eame et les in\u00e9galit\u00e9s criantes de<br \/>\nsa population. Cette situation est attribuable \u00e0 une mauvaise gouvernance, \u00e0<br \/>\nl&#039;incapacit\u00e9 des syst\u00e8mes \u00e9conomiques et institutionnels \u00e0 \u00e9voluer au-del\u00e0<br \/>\ndes mod\u00e8les coloniaux, et \u00e0 un acc\u00e8s aux revenus limit\u00e9 \u00e0 une minorit\u00e9.\n<\/p>\n<\/li>\n<li>\n<h2><a target=\"_blank\" rel=\"nofollow noopener\"><\/a><\/h2>\n<p>Des obstacles structurels entravent les r\u00e9formes du secteur extractif et la lutte<br \/>\ncontre les in\u00e9galit\u00e9s. Ces obstacles retardent notamment le financement de<br \/>\nd\u00e9penses sociales essentielles telles que la sant\u00e9, l&#039;\u00e9ducation et la protection<br \/>\nsociale, qui sont des piliers fondamentaux d&#039;une politique fiscale redistributive.<\/p>\n<\/li>\n<li>\n<h2><a target=\"_blank\" rel=\"nofollow noopener\"><\/a><\/h2>\n<p>Les exp\u00e9riences r\u00e9ussies \u00e0 l&#039;\u00e9chelle mondiale dans l&#039;exploitation des<br \/>\nressources naturelles peuvent inspirer de bonnes pratiques pour lutter contre<br \/>\nles in\u00e9galit\u00e9s. La mise en place de programmes de protection sociale<br \/>\nrobustes et complets permettrait de prot\u00e9ger les groupes les plus<br \/>\nmarginalis\u00e9s.<\/p>\n<\/li>\n<\/ul>\n<h2>Le BEST a \u00e9galement mis en \u0153uvre une approche de conscientisation inspir\u00e9e de la<br \/>\np\u00e9dagogie des opprim\u00e9s de Paulo Freire. Cette d\u00e9marche vise \u00e0 permettre aux<br \/>\npopulations locales de prendre conscience de l\u2019oppression li\u00e9e \u00e0 l&#039;exploitation<br \/>\nmini\u00e8re, dont ils font l\u2019objet et des m\u00e9canismes qui la maintiennent. En favorisant la<br \/>\nr\u00e9flexion critique et l&#039;\u00e9change, la conscientisation vise \u00e0 renforcer le pouvoir d&#039;agir<br \/>\ndes communaut\u00e9s et \u00e0 les mobiliser pour d\u00e9fendre leurs droits et participer<br \/>\nactivement \u00e0 la gestion des ressources naturelles<\/h2>\n<h2>\n\t\t\t\t\t\t\t\t\t\t\tObjectifs<br \/>\n\t\t\t\t\t\t\t\t\t\t<\/h2>\n<ul>\n<li>\n<h3><a target=\"_blank\" rel=\"nofollow noopener\"><\/a><\/h3>\n<p>Cr\u00e9er de preuves de l&#039;impact de l&#039;exploitation mini\u00e8re sur les communaut\u00e9s<br \/>\nlocales et groupes cibles\u00a0: de donn\u00e9es sont collect\u00e9es sur les progr\u00e8s r\u00e9alis\u00e9s dans<br \/>\nla mise en application des dispositions du code minier favorable aux communaut\u00e9s<br \/>\ndans zones mini\u00e8res de Rubaya, Mushinga et Luhwindja.<\/p>\n<\/li>\n<li>\n<h3><a target=\"_blank\" rel=\"nofollow noopener\"><\/a><\/h3>\n<p>Mettre en place d&#039;un cadre d&#039;\u00e9change des acteurs religieux engag\u00e9s pour la<br \/>\ngouvernance des ressources extractives, transformation des conflits et droits<br \/>\nhumains. Les acteurs religieux ainsi que les organisations de la soci\u00e9t\u00e9 civile en<br \/>\nprovenance de Rubaya dans le territoire de Masisi, Mushinga dans le territoire de<br \/>\nWalungu et Luhwindja dans le territoire de Mwenga\u00a0; ont r\u00e9solu de cr\u00e9er un<br \/>\nmouvement d\u00e9nomm\u00e9 \u00ab\u00a0Synergie Madini kwa Maendeleo\u00a0\u00bb afin de travailler pour le<br \/>\nplaidoyer et la transformation des conflits li\u00e9s \u00e0 l\u2019acc\u00e8s et l\u2019exploitation des<br \/>\nressources mini\u00e8res.<\/p>\n<\/li>\n<li>\n<h3><a target=\"_blank\" rel=\"nofollow noopener\"><\/a><\/h3>\n<p>Organiser les s\u00e9ances d&#039;\u00e9changes et d&#039;information (campagne de<br \/>\nvulgarisation) avec les communaut\u00e9s des zones mini\u00e8res sur les nouvelles<br \/>\ndispositions du code minier relatives au d\u00e9veloppement communautaire et \u00e0<br \/>\nl&#039;artisanat minier.<\/p>\n<\/li>\n<li>\n<h3><a target=\"_blank\" rel=\"nofollow noopener\"><\/a><\/h3>\n<p>Mener des actions de lobby et de plaidoyer pour l\u2019adoption des<br \/>\nr\u00e8glementations lois sp\u00e9cifiques l\u2019affectation et la gestion de la redevance mini\u00e8re,<br \/>\nsur le CLIP, les comit\u00e9s locaux de d\u00e9veloppement ainsi que l\u2019adoption d\u2019une politique<br \/>\nsp\u00e9cifique \u00e0 l\u2019artisanat minier<\/p>\n<\/li>\n<li>\n<h3><a target=\"_blank\" rel=\"nofollow noopener\"><\/a><\/h3>\n<p>Accompagner des processus de n\u00e9gociation pour la transformation des<br \/>\nconflits\u00a0: le BEST\u00a0organise des consultations avec l\u2019ensemble des parties prenantes<br \/>\nau conflit pour aboutir \u00e0 une exploitation apais\u00e9e.<\/p>\n<\/li>\n<li>\n<h3><a target=\"_blank\" rel=\"nofollow noopener\"><\/a><\/h3>\n<p>Cr\u00e9er des espaces multipartites de dialogue qui fonctionnent sur l&#039;exploitation<br \/>\nmini\u00e8re et les droits de l&#039;homme\u00a0: des s\u00e9ances d&#039;\u00e9change avec les OSC et services<br \/>\nd\u2019administration des mines, les entit\u00e9s de traitement sur le R\u00e8glement Europ\u00e9en et<br \/>\nses mesures d&#039;application sont tenus au Nord-Kivu et au Sud-Kivu. Des briefings<br \/>\ntrimestriels sont organis\u00e9s avec l\u2019administration des mines et de l\u2019environnement pour<br \/>\ncontribuer \u00e0 la r\u00e9duction de l\u2019impact de l\u2019exploitation mini\u00e8re sur l\u2019environnement<br \/>\ndans les zones mini\u00e8res<\/p>\n<\/li>\n<li>\n<h3><a target=\"_blank\" rel=\"nofollow noopener\"><\/a><\/h3>\n<p>Organiser des Alternatives Mining Indaba de niveau provincial pour \u00e9largir les<br \/>\nconsultations \u00e0 toutes les parties prenantes, mettre en lumi\u00e8re d\u2019une mani\u00e8re plus<br \/>\nsp\u00e9cifique les diff\u00e9rents types de conflits, les origines, harmoniser diff\u00e9rents<br \/>\nmessages de plaidoyer et proposer des recommandations pour une exploitation<br \/>\napais\u00e9e.<\/p>\n<\/li>\n<\/ul>\n<p>\t\t\t\t\t\t\t\t\t\t\t\t\t<img loading=\"lazy\" decoding=\"async\" width=\"960\" height=\"617\" src=\"https:\/\/infobestrdc.org\/wp-content\/uploads\/2024\/10\/RMS8809-1024x658.jpg\" alt=\"\" srcset=\"https:\/\/infobestrdc.org\/wp-content\/uploads\/2024\/10\/RMS8809-1024x658.jpg 1024w, https:\/\/infobestrdc.org\/wp-content\/uploads\/2024\/10\/RMS8809-300x193.jpg 300w, https:\/\/infobestrdc.org\/wp-content\/uploads\/2024\/10\/RMS8809-768x494.jpg 768w, https:\/\/infobestrdc.org\/wp-content\/uploads\/2024\/10\/RMS8809.jpg 1500w\" sizes=\"auto, (max-width: 960px) 100vw, 960px\" \/>\t\t\t\t\t\t\t\t\t\t\t\t\t<\/p>\n<h2>\n\t\t\t\t\t\t\t\t\t\t\tActions<br \/>\n\t\t\t\t\t\t\t\t\t\t<\/h2>\n<p>\t\t\t\t\t\t\t\t\t\t\t\t\t<img loading=\"lazy\" decoding=\"async\" width=\"768\" height=\"494\" src=\"https:\/\/infobestrdc.org\/wp-content\/uploads\/2024\/10\/RMS8824-768x494.jpg\" alt=\"\" srcset=\"https:\/\/infobestrdc.org\/wp-content\/uploads\/2024\/10\/RMS8824-768x494.jpg 768w, https:\/\/infobestrdc.org\/wp-content\/uploads\/2024\/10\/RMS8824-300x193.jpg 300w, https:\/\/infobestrdc.org\/wp-content\/uploads\/2024\/10\/RMS8824-1024x658.jpg 1024w, https:\/\/infobestrdc.org\/wp-content\/uploads\/2024\/10\/RMS8824.jpg 1500w\" sizes=\"auto, (max-width: 768px) 100vw, 768px\" \/>\t\t\t\t\t\t\t\t\t\t\t\t\t<\/p>\n<ul>\n<li>\n<h2><a target=\"_blank\" rel=\"nofollow noopener\">Recherche et documentation\u00a0<\/a><\/h2>\n<p>productions et publications des \u00e9tudes \/ \u00e9vidences\n<\/p>\n<\/li>\n<li>\n<h2><a target=\"_blank\" rel=\"nofollow noopener\">Formation et sensibilisation<\/a><\/h2>\n<p>Organisation d&#039;ateliers et de formations pour<br \/>\nrenforcer les capacit\u00e9s des communaut\u00e9s locales en mati\u00e8re de plaidoyer, de<br \/>\nn\u00e9gociation et de gestion de projets.<\/p>\n<\/li>\n<li>\n<h2><a target=\"_blank\" rel=\"nofollow noopener\">Dialogue et m\u00e9diation<\/a><\/h2>\n<p>Facilitation de dialogues entre les communaut\u00e9s, les<br \/>\nentreprises mini\u00e8res, les autorit\u00e9s et les autres acteurs pour trouver des solutions<br \/>\ndurables.<\/p>\n<\/li>\n<li>\n<h2><a target=\"_blank\" rel=\"nofollow noopener\">Vulgarisation du Code minier r\u00e9vis\u00e9<\/a><\/h2>\n<p>Soutien aux communaut\u00e9s pour faire valoir<br \/>\nleurs droits et assurer une meilleure application des dispositions du Code minier.<\/p>\n<\/li>\n<li>\n<h2><a target=\"_blank\" rel=\"nofollow noopener\">Renforcement des organisations de la soci\u00e9t\u00e9 civile<\/a><\/h2>\n<p>Appui aux organisations<br \/>\nlocales pour qu&#039;elles puissent jouer un r\u00f4le plus actif dans la d\u00e9fense des int\u00e9r\u00eats des<br \/>\ncommunaut\u00e9s.<\/p>\n<\/li>\n<\/ul>\n<figure><img decoding=\"async\" src=\"https:\/\/infobestrdc.org\/wp-content\/uploads\/2024\/10\/RMS9065-1-300x128.jpg\" alt=\"_RMS9065\" \/><\/figure>\n<figure><img decoding=\"async\" src=\"https:\/\/infobestrdc.org\/wp-content\/uploads\/2024\/10\/RMS8809-300x193.jpg\" alt=\"_RMS8809\" \/><\/figure>\n<figure><img decoding=\"async\" src=\"https:\/\/infobestrdc.org\/wp-content\/uploads\/2024\/10\/RMS8815-300x193.jpg\" alt=\"_RMS8815\" \/><\/figure>\n<figure><img decoding=\"async\" src=\"https:\/\/infobestrdc.org\/wp-content\/uploads\/2024\/10\/RMS8824-300x193.jpg\" alt=\"_RMS8824\" \/><\/figure>\n","protected":false},"excerpt":{"rendered":"<p>Initiative strat\u00e9gique : combattre les in\u00e9galit\u00e9s 2019-2025 Partenaire Financier : Agence Norv\u00e9gienne de Coop\u00e9ration (NORAD) \u00e0 travers Norwegian Church Aid (NCA). Les compagnies mini\u00e8res sont souvent responsables de graves violations des droits des communaut\u00e9s y compris des peuples autochtones, notamment lors des processus de consultation, d\u00e9localisation, indemnisation et compensation des communaut\u00e9s appel\u00e9es \u00e0 se d\u00e9placer [&hellip;]<\/p>\n","protected":false},"author":1,"featured_media":0,"parent":0,"menu_order":0,"comment_status":"closed","ping_status":"closed","template":"","meta":{"footnotes":""},"class_list":["post-2758","page","type-page","status-publish","hentry"],"_links":{"self":[{"href":"https:\/\/infobestrdc.org\/index.php\/wp-json\/wp\/v2\/pages\/2758","targetHints":{"allow":["GET"]}}],"collection":[{"href":"https:\/\/infobestrdc.org\/index.php\/wp-json\/wp\/v2\/pages"}],"about":[{"href":"https:\/\/infobestrdc.org\/index.php\/wp-json\/wp\/v2\/types\/page"}],"author":[{"embeddable":true,"href":"https:\/\/infobestrdc.org\/index.php\/wp-json\/wp\/v2\/users\/1"}],"replies":[{"embeddable":true,"href":"https:\/\/infobestrdc.org\/index.php\/wp-json\/wp\/v2\/comments?post=2758"}],"version-history":[{"count":54,"href":"https:\/\/infobestrdc.org\/index.php\/wp-json\/wp\/v2\/pages\/2758\/revisions"}],"predecessor-version":[{"id":4001,"href":"https:\/\/infobestrdc.org\/index.php\/wp-json\/wp\/v2\/pages\/2758\/revisions\/4001"}],"wp:attachment":[{"href":"https:\/\/infobestrdc.org\/index.php\/wp-json\/wp\/v2\/media?parent=2758"}],"curies":[{"name":"wp","href":"https:\/\/api.w.org\/{rel}","templated":true}]}}