{"id":3736,"date":"2024-10-27T02:05:27","date_gmt":"2024-10-27T01:05:27","guid":{"rendered":"https:\/\/infobestrdc.org\/?page_id=3736"},"modified":"2024-10-28T14:27:11","modified_gmt":"2024-10-28T13:27:11","slug":"developpement-dune-approche-basee-sur-la-perception","status":"publish","type":"page","link":"https:\/\/infobestrdc.org\/index.php\/developpement-dune-approche-basee-sur-la-perception\/","title":{"rendered":"D\u00e9veloppement d\u2019une approche bas\u00e9e sur la perception,"},"content":{"rendered":"<h2>D\u00e9veloppement d\u2019une approche bas\u00e9e sur la perception, l\u2019\u00e9valuation, la<br \/>\npr\u00e9vention, l\u2019\u00e9vitement et l\u2019att\u00e9nuation des risques d\u2019impacts environnementaux et de<br \/>\ncatastrophes les plus r\u00e9currents dans et autour des sites miniers de Kalimbi<br \/>\n(Nyabibwe, Kalehe) et de D3 Mobale (Kamituga, Mwenga).<\/h2>\n<h2>2022 &#8211; 2024<\/h2>\n<h2>Partenaire Financier : GIZ-BMZ<\/h2>\n<h2>Les activit\u00e9s mini\u00e8res artisanales au Sud-Kivu sont associ\u00e9es \u00e0 de nombreux probl\u00e8mes :<br \/>\naccidents fr\u00e9quents, d\u00e9gradation de l&#039;environnement, et impacts n\u00e9gatifs sur la sant\u00e9 des<br \/>\npopulations locales. Ces probl\u00e8mes ont conduit \u00e0 des suspensions temporaires des activit\u00e9s<br \/>\nmini\u00e8res, entra\u00eenant des cons\u00e9quences socio-\u00e9conomiques importantes pour les<br \/>\ncommunaut\u00e9s d\u00e9pendantes de cette activit\u00e9. Pourtant leurs causes sont tr\u00e8s peu<br \/>\ndocument\u00e9es. Dans ce contexte, le BEST en partenariat avec le Centre d\u2019Informations et de<br \/>\nRecherche sur les Risques d\u2019origine Naturelle (CIRRiNa) ont b\u00e9n\u00e9fici\u00e9 du soutien financier<br \/>\nde la Coop\u00e9ration Allemande (GIZ) et de l\u2019expertise scientifique de l\u2019Universit\u00e9 Officielle de<br \/>\nBukavu pour mener un projet d\u2019\u00e9tude de perception aupr\u00e8s des communaut\u00e9s locales pour<br \/>\nidentifier les principaux risques environnementaux per\u00e7us li\u00e9s aux op\u00e9rations mini\u00e8res.<br \/>\nCe projet visait \u00e0 rendre l\u2019exploitation artisanale plus s\u00fbre et plus respectueuse de<br \/>\nl&#039;environnement dans et autour des sites miniers pilote de Kalimbi et de D3 Mobale.<\/h2>\n<h2>\n\t\t\t\t\t\t\t\t\t\t\tObjectifs<br \/>\n\t\t\t\t\t\t\t\t\t\t<\/h2>\n<h2>Il s\u2019articulait sur les objectifs suivants :<\/h2>\n<ul>\n<li>\n<h3><a target=\"_blank\" rel=\"nofollow noopener\"><\/a><\/h3>\n<p>Documenter les cas d\u2019accidents et d\u2019impacts environnementaux sur les sites miniers<br \/>\npilotes du projet\u00a0;<\/p>\n<\/li>\n<li>\n<h3><a target=\"_blank\" rel=\"nofollow noopener\"><\/a><\/h3>\n<p>\u00c9valuer les facteurs \u00e0 risques d\u2019impacts environnementaux et<br \/>\nd\u2019accidents\/catastrophes sur les sites miniers pilotes\u00a0;<\/p>\n<\/li>\n<li>\n<h3><a target=\"_blank\" rel=\"nofollow noopener\"><\/a><\/h3>\n<p>Interpr\u00e9ter les opinions des populations riveraines sur les cas d\u2019accidents et<br \/>\nd\u2019impacts environnementaux sur les sites miniers pilotes\u00a0;<\/p>\n<\/li>\n<li>\n<h3><a target=\"_blank\" rel=\"nofollow noopener\"><\/a><\/h3>\n<p>Am\u00e9liorer la perception et la pr\u00e9diction des populations concern\u00e9es par rapport aux<br \/>\nrisques d\u2019impacts environnementaux et de catastrophes \u00e0 travers des ateliers de<br \/>\nsensibilisation\u00a0;<\/p>\n<\/li>\n<li>\n<h3><a target=\"_blank\" rel=\"nofollow noopener\"><\/a><\/h3>\n<p>D\u00e9velopper des mod\u00e8les de plans de gestion environnementale et de contingence au<br \/>\nniveau des sites pilotes en vue d\u2019\u00e9viter et att\u00e9nuer les risques sociaux et<br \/>\nenvironnementaux de l\u2019exploitation mini\u00e8re.<\/p>\n<\/li>\n<\/ul>\n<p>\t\t\t\t\t\t\t\t\t\t\t\t\t<img loading=\"lazy\" decoding=\"async\" width=\"960\" height=\"640\" src=\"https:\/\/infobestrdc.org\/wp-content\/uploads\/2024\/10\/FeHoEns3-1024x683.jpg\" alt=\"\" srcset=\"https:\/\/infobestrdc.org\/wp-content\/uploads\/2024\/10\/FeHoEns3-1024x683.jpg 1024w, https:\/\/infobestrdc.org\/wp-content\/uploads\/2024\/10\/FeHoEns3-300x200.jpg 300w, https:\/\/infobestrdc.org\/wp-content\/uploads\/2024\/10\/FeHoEns3-768x512.jpg 768w, https:\/\/infobestrdc.org\/wp-content\/uploads\/2024\/10\/FeHoEns3-1536x1024.jpg 1536w, https:\/\/infobestrdc.org\/wp-content\/uploads\/2024\/10\/FeHoEns3-2048x1365.jpg 2048w, https:\/\/infobestrdc.org\/wp-content\/uploads\/2024\/10\/FeHoEns3-1200x800.jpg 1200w\" sizes=\"auto, (max-width: 960px) 100vw, 960px\" \/>\t\t\t\t\t\t\t\t\t\t\t\t\t<\/p>\n<h2>\n\t\t\t\t\t\t\t\t\t\t\tActions<br \/>\n\t\t\t\t\t\t\t\t\t\t<\/h2>\n<p>\t\t\t\t\t\t\t\t\t\t\t\t\t<img loading=\"lazy\" decoding=\"async\" width=\"768\" height=\"512\" src=\"https:\/\/infobestrdc.org\/wp-content\/uploads\/2024\/10\/FeHoEns1-768x512.jpg\" alt=\"\" srcset=\"https:\/\/infobestrdc.org\/wp-content\/uploads\/2024\/10\/FeHoEns1-768x512.jpg 768w, https:\/\/infobestrdc.org\/wp-content\/uploads\/2024\/10\/FeHoEns1-300x200.jpg 300w, https:\/\/infobestrdc.org\/wp-content\/uploads\/2024\/10\/FeHoEns1-1024x683.jpg 1024w, https:\/\/infobestrdc.org\/wp-content\/uploads\/2024\/10\/FeHoEns1-1536x1024.jpg 1536w, https:\/\/infobestrdc.org\/wp-content\/uploads\/2024\/10\/FeHoEns1-2048x1365.jpg 2048w, https:\/\/infobestrdc.org\/wp-content\/uploads\/2024\/10\/FeHoEns1-1200x800.jpg 1200w\" sizes=\"auto, (max-width: 768px) 100vw, 768px\" \/>\t\t\t\t\t\t\t\t\t\t\t\t\t<\/p>\n<ul>\n<li>\n<h2><a target=\"_blank\" rel=\"nofollow noopener\"><\/a><\/h2>\n<p>Mission de collecte de donn\u00e9es\u00a0\u00e0 Nyabibwe en territoire de Kalehe et Mobale &#8211;<br \/>\nKamituga en territoire de Mwenga<\/p>\n<\/li>\n<li>\n<h2><a target=\"_blank\" rel=\"nofollow noopener\"><\/a><\/h2>\n<p>Analyse des donn\u00e9es collect\u00e9es et \u00e9laboration du rapport\n<\/p>\n<\/li>\n<li>\n<h2><a target=\"_blank\" rel=\"nofollow noopener\"><\/a><\/h2>\n<p>Pr\u00e9sentation du rapport au Groupe de travail Monitoring environnemental<br \/>\nsur les risques de Kalimbi et D3 Mobale\u00a0: 32 risques majeurs ont \u00e9t\u00e9 identifi\u00e9s par<br \/>\ndiff\u00e9rents postes de travail (Abattage, puits, Bongettage, Broyage, transport,<br \/>\nlaveries, vente) dans deux sites miniers parmi lesquels 14 risques d\u2019Impact<br \/>\nsanitaire et 02 d\u2019Impact environnemental dans le site minier de Kalimbi et 09<br \/>\nrisques d\u2019Impact sanitaire et 03 d\u2019Impact environnemental dans le site minier de<br \/>\nD3 Mobale ;<\/p>\n<\/li>\n<li>\n<h2><a target=\"_blank\" rel=\"nofollow noopener\"><\/a><\/h2>\n<p>Diff\u00e9rentes mesures d\u2019att\u00e9nuation ont \u00e9t\u00e9 propos\u00e9es et sont mise en \u0153uvre<br \/>\ncollaboration avec le SAEMAPE, la DIVIMINES, les membres Communaut\u00e9 et les<br \/>\nExploitants Miniers artisanaux ;<\/p>\n<\/li>\n<li>\n<h2><a target=\"_blank\" rel=\"nofollow noopener\"><\/a><\/h2>\n<p>Une fiche d\u2019identification des risques est d\u00e9velopp\u00e9e et reprend les mentions<br \/>\nimportantes qui suivent : Poste de travail, Type de risque, Facteurs de<br \/>\nvuln\u00e9rabilit\u00e9 (degr\u00e9 d\u2019exposition, r\u00e9silience), Facteurs d\u2019occurrence (facteurs de<br \/>\npr\u00e9disposition, facteurs aggravants, facteurs d\u00e9clencheurs) actions (mesures<br \/>\nd\u2019att\u00e9nuation des exploitants)<\/p>\n<\/li>\n<\/ul>\n<figure><img decoding=\"async\" src=\"https:\/\/infobestrdc.org\/wp-content\/uploads\/2024\/10\/WhatsApp-Image-2024-10-16-at-3.26.41-PM-300x225.jpeg\" alt=\"WhatsApp Image 2024-10-16 at 3.26.41 PM\" \/><\/figure>\n<figure><img decoding=\"async\" src=\"https:\/\/infobestrdc.org\/wp-content\/uploads\/2024\/10\/WhatsApp-Image-2024-10-16-at-3.24.19-PM-300x225.jpeg\" alt=\"WhatsApp Image 2024-10-16 at 3.24.19 PM\" \/><\/figure>\n<figure><img decoding=\"async\" src=\"https:\/\/infobestrdc.org\/wp-content\/uploads\/2024\/10\/WhatsApp-Image-2024-10-16-at-3.24.48-PM-300x225.jpeg\" alt=\"WhatsApp Image 2024-10-16 at 3.24.48 PM\" \/><\/figure>\n<figure><img decoding=\"async\" src=\"https:\/\/infobestrdc.org\/wp-content\/uploads\/2024\/10\/WhatsApp-Image-2024-10-16-at-3.25.59-PM-e1729116434841-300x247.jpeg\" alt=\"WhatsApp Image 2024-10-16 at 3.25.59 PM\" \/><\/figure>\n<h2>En collaboration avec les acteurs locaux et les autorit\u00e9s, le projet a d\u00e9velopp\u00e9 des mesures<br \/>\nde pr\u00e9vention et d\u2019\u00e9vitement des impacts n\u00e9gatifs de l\u2019exploitation mini\u00e8re artisanale. Cela<br \/>\ninclut la mise en place des protocoles de gestion des d\u00e9chets et l\u2019adoption des pratiques<br \/>\nmini\u00e8res responsables<\/h2>\n","protected":false},"excerpt":{"rendered":"<p>D\u00e9veloppement d\u2019une approche bas\u00e9e sur la perception, l\u2019\u00e9valuation, la pr\u00e9vention, l\u2019\u00e9vitement et l\u2019att\u00e9nuation des risques d\u2019impacts environnementaux et de catastrophes les plus r\u00e9currents dans et autour des sites miniers de Kalimbi (Nyabibwe, Kalehe) et de D3 Mobale (Kamituga, Mwenga). 2022 &#8211; 2024 Partenaire Financier : GIZ-BMZ Les activit\u00e9s mini\u00e8res artisanales au Sud-Kivu sont associ\u00e9es \u00e0 [&hellip;]<\/p>\n","protected":false},"author":1,"featured_media":0,"parent":0,"menu_order":0,"comment_status":"closed","ping_status":"closed","template":"","meta":{"footnotes":""},"class_list":["post-3736","page","type-page","status-publish","hentry"],"_links":{"self":[{"href":"https:\/\/infobestrdc.org\/index.php\/wp-json\/wp\/v2\/pages\/3736","targetHints":{"allow":["GET"]}}],"collection":[{"href":"https:\/\/infobestrdc.org\/index.php\/wp-json\/wp\/v2\/pages"}],"about":[{"href":"https:\/\/infobestrdc.org\/index.php\/wp-json\/wp\/v2\/types\/page"}],"author":[{"embeddable":true,"href":"https:\/\/infobestrdc.org\/index.php\/wp-json\/wp\/v2\/users\/1"}],"replies":[{"embeddable":true,"href":"https:\/\/infobestrdc.org\/index.php\/wp-json\/wp\/v2\/comments?post=3736"}],"version-history":[{"count":35,"href":"https:\/\/infobestrdc.org\/index.php\/wp-json\/wp\/v2\/pages\/3736\/revisions"}],"predecessor-version":[{"id":4057,"href":"https:\/\/infobestrdc.org\/index.php\/wp-json\/wp\/v2\/pages\/3736\/revisions\/4057"}],"wp:attachment":[{"href":"https:\/\/infobestrdc.org\/index.php\/wp-json\/wp\/v2\/media?parent=3736"}],"curies":[{"name":"wp","href":"https:\/\/api.w.org\/{rel}","templated":true}]}}